{"id":37,"date":"2023-12-23T14:08:31","date_gmt":"2023-12-23T13:08:31","guid":{"rendered":"http:\/\/www.ineovtec.fr\/?page_id=37"},"modified":"2024-04-29T23:08:08","modified_gmt":"2024-04-29T21:08:08","slug":"notre-equipe","status":"publish","type":"page","link":"http:\/\/www.ineovtec.fr\/index.php\/notre-equipe\/","title":{"rendered":"Notre \u00e9quipe"},"content":{"rendered":"\t\t<div data-elementor-type=\"wp-page\" data-elementor-id=\"37\" class=\"elementor elementor-37\">\n\t\t\t\t<div class=\"elementor-element elementor-element-4ffa792 e-grid e-con-boxed e-con e-parent\" data-id=\"4ffa792\" data-element_type=\"container\">\n\t\t\t\t\t<div class=\"e-con-inner\">\n\t\t\t\t<div class=\"elementor-element elementor-element-6bff043 elementor-widget elementor-widget-image\" data-id=\"6bff043\" data-element_type=\"widget\" data-widget_type=\"image.default\">\n\t\t\t\t<div class=\"elementor-widget-container\">\n\t\t\t<style>\/*! elementor - v3.21.0 - 25-04-2024 *\/\n.elementor-widget-image{text-align:center}.elementor-widget-image a{display:inline-block}.elementor-widget-image a img[src$=\".svg\"]{width:48px}.elementor-widget-image img{vertical-align:middle;display:inline-block}<\/style>\t\t\t\t\t\t\t<figure class=\"wp-caption\">\n\t\t\t\t\t\t\t\t\t\t<img fetchpriority=\"high\" decoding=\"async\" width=\"450\" height=\"450\" src=\"http:\/\/www.ineovtec.fr\/wp-content\/uploads\/2024\/04\/1517273439124.jpeg\" class=\"attachment-large size-large wp-image-90\" alt=\"\" srcset=\"http:\/\/www.ineovtec.fr\/wp-content\/uploads\/2024\/04\/1517273439124.jpeg 450w, http:\/\/www.ineovtec.fr\/wp-content\/uploads\/2024\/04\/1517273439124-300x300.jpeg 300w, http:\/\/www.ineovtec.fr\/wp-content\/uploads\/2024\/04\/1517273439124-150x150.jpeg 150w\" sizes=\"(max-width: 450px) 100vw, 450px\" \/>\t\t\t\t\t\t\t\t\t\t\t<figcaption class=\"widget-image-caption wp-caption-text\">Sylvain Diogo, Pr\u00e9sident d'Ineovtec<\/figcaption>\n\t\t\t\t\t\t\t\t\t\t<\/figure>\n\t\t\t\t\t\t\t<\/div>\n\t\t\t\t<\/div>\n\t\t\t\t<div class=\"elementor-element elementor-element-4713b2a elementor-widget elementor-widget-image\" data-id=\"4713b2a\" data-element_type=\"widget\" data-widget_type=\"image.default\">\n\t\t\t\t<div class=\"elementor-widget-container\">\n\t\t\t\t\t\t\t\t\t\t<figure class=\"wp-caption\">\n\t\t\t\t\t\t\t\t\t\t<img decoding=\"async\" width=\"205\" height=\"205\" src=\"http:\/\/www.ineovtec.fr\/wp-content\/uploads\/2024\/04\/1516949962601.jpeg\" class=\"attachment-large size-large wp-image-94\" alt=\"\" srcset=\"http:\/\/www.ineovtec.fr\/wp-content\/uploads\/2024\/04\/1516949962601.jpeg 205w, http:\/\/www.ineovtec.fr\/wp-content\/uploads\/2024\/04\/1516949962601-150x150.jpeg 150w\" sizes=\"(max-width: 205px) 100vw, 205px\" \/>\t\t\t\t\t\t\t\t\t\t\t<figcaption class=\"widget-image-caption wp-caption-text\">Eric Pascal, Directeur G\u00e9n\u00e9ral d'Ineovtec<\/figcaption>\n\t\t\t\t\t\t\t\t\t\t<\/figure>\n\t\t\t\t\t\t\t<\/div>\n\t\t\t\t<\/div>\n\t\t\t\t\t<\/div>\n\t\t\t\t<\/div>\n\t\t<div class=\"elementor-element elementor-element-b251a8b e-grid e-con-boxed e-con e-parent\" data-id=\"b251a8b\" data-element_type=\"container\">\n\t\t\t\t\t<div class=\"e-con-inner\">\n\t\t\t\t<div class=\"elementor-element elementor-element-925a948 elementor-widget elementor-widget-image\" data-id=\"925a948\" data-element_type=\"widget\" data-widget_type=\"image.default\">\n\t\t\t\t<div class=\"elementor-widget-container\">\n\t\t\t\t\t\t\t\t\t\t<figure class=\"wp-caption\">\n\t\t\t\t\t\t\t\t\t\t<img decoding=\"async\" width=\"800\" height=\"800\" src=\"http:\/\/www.ineovtec.fr\/wp-content\/uploads\/2024\/04\/1702231869331.jpeg\" class=\"attachment-large size-large wp-image-95\" alt=\"\" srcset=\"http:\/\/www.ineovtec.fr\/wp-content\/uploads\/2024\/04\/1702231869331.jpeg 800w, http:\/\/www.ineovtec.fr\/wp-content\/uploads\/2024\/04\/1702231869331-300x300.jpeg 300w, http:\/\/www.ineovtec.fr\/wp-content\/uploads\/2024\/04\/1702231869331-150x150.jpeg 150w, http:\/\/www.ineovtec.fr\/wp-content\/uploads\/2024\/04\/1702231869331-768x768.jpeg 768w\" sizes=\"(max-width: 800px) 100vw, 800px\" \/>\t\t\t\t\t\t\t\t\t\t\t<figcaption class=\"widget-image-caption wp-caption-text\">Jean-Guillaume Soleillant, Ing\u00e9nieur R&amp;D en \u00e9lectronique embarqu\u00e9e<\/figcaption>\n\t\t\t\t\t\t\t\t\t\t<\/figure>\n\t\t\t\t\t\t\t<\/div>\n\t\t\t\t<\/div>\n\t\t\t\t<div class=\"elementor-element elementor-element-cee9f1a elementor-widget elementor-widget-image\" data-id=\"cee9f1a\" data-element_type=\"widget\" data-widget_type=\"image.default\">\n\t\t\t\t<div class=\"elementor-widget-container\">\n\t\t\t\t\t\t\t\t\t\t<figure class=\"wp-caption\">\n\t\t\t\t\t\t\t\t\t\t<img decoding=\"async\" src=\"http:\/\/www.ineovtec.fr\/wp-content\/plugins\/elementor\/assets\/images\/placeholder.png\" title=\"\" alt=\"\" loading=\"lazy\" \/>\t\t\t\t\t\t\t\t\t\t\t<figcaption class=\"widget-image-caption wp-caption-text\">Valentin Boulard, Ing\u00e9nieur R&amp;D<\/figcaption>\n\t\t\t\t\t\t\t\t\t\t<\/figure>\n\t\t\t\t\t\t\t<\/div>\n\t\t\t\t<\/div>\n\t\t\t\t\t<\/div>\n\t\t\t\t<\/div>\n\t\t<div class=\"elementor-element elementor-element-2da018b e-grid e-con-boxed e-con e-parent\" data-id=\"2da018b\" data-element_type=\"container\">\n\t\t\t\t\t<div class=\"e-con-inner\">\n\t\t\t\t<div class=\"elementor-element elementor-element-100a353 elementor-widget elementor-widget-image\" data-id=\"100a353\" data-element_type=\"widget\" data-widget_type=\"image.default\">\n\t\t\t\t<div class=\"elementor-widget-container\">\n\t\t\t\t\t\t\t\t\t\t<figure class=\"wp-caption\">\n\t\t\t\t\t\t\t\t\t\t<img decoding=\"async\" src=\"http:\/\/www.ineovtec.fr\/wp-content\/plugins\/elementor\/assets\/images\/placeholder.png\" title=\"\" alt=\"\" loading=\"lazy\" \/>\t\t\t\t\t\t\t\t\t\t\t<figcaption class=\"widget-image-caption wp-caption-text\">Guillaume Raynaud, D\u00e9veloppeur<\/figcaption>\n\t\t\t\t\t\t\t\t\t\t<\/figure>\n\t\t\t\t\t\t\t<\/div>\n\t\t\t\t<\/div>\n\t\t\t\t\t<\/div>\n\t\t\t\t<\/div>\n\t\t\t\t<\/div>\n\t\t","protected":false},"excerpt":{"rendered":"<p>Sylvain Diogo, Pr\u00e9sident d&rsquo;Ineovtec Eric Pascal, Directeur G\u00e9n\u00e9ral d&rsquo;Ineovtec Jean-Guillaume Soleillant, Ing\u00e9nieur R&amp;D en \u00e9lectronique embarqu\u00e9e Valentin Boulard, Ing\u00e9nieur R&amp;D Guillaume Raynaud, D\u00e9veloppeur<\/p>\n","protected":false},"author":1,"featured_media":0,"parent":0,"menu_order":0,"comment_status":"closed","ping_status":"closed","template":"","meta":{"footnotes":""},"class_list":["post-37","page","type-page","status-publish","hentry"],"_links":{"self":[{"href":"http:\/\/www.ineovtec.fr\/index.php\/wp-json\/wp\/v2\/pages\/37","targetHints":{"allow":["GET"]}}],"collection":[{"href":"http:\/\/www.ineovtec.fr\/index.php\/wp-json\/wp\/v2\/pages"}],"about":[{"href":"http:\/\/www.ineovtec.fr\/index.php\/wp-json\/wp\/v2\/types\/page"}],"author":[{"embeddable":true,"href":"http:\/\/www.ineovtec.fr\/index.php\/wp-json\/wp\/v2\/users\/1"}],"replies":[{"embeddable":true,"href":"http:\/\/www.ineovtec.fr\/index.php\/wp-json\/wp\/v2\/comments?post=37"}],"version-history":[{"count":16,"href":"http:\/\/www.ineovtec.fr\/index.php\/wp-json\/wp\/v2\/pages\/37\/revisions"}],"predecessor-version":[{"id":107,"href":"http:\/\/www.ineovtec.fr\/index.php\/wp-json\/wp\/v2\/pages\/37\/revisions\/107"}],"wp:attachment":[{"href":"http:\/\/www.ineovtec.fr\/index.php\/wp-json\/wp\/v2\/media?parent=37"}],"curies":[{"name":"wp","href":"https:\/\/api.w.org\/{rel}","templated":true}]}}